{"id":126,"date":"2022-08-31T15:33:18","date_gmt":"2022-08-31T19:33:18","guid":{"rendered":"http:\/\/conttatcontabilidade.com.br\/?page_id=126"},"modified":"2022-08-31T15:58:17","modified_gmt":"2022-08-31T19:58:17","slug":"escrituracao-fiscal-digital-efd","status":"publish","type":"page","link":"https:\/\/conttatcontabilidade.com.br\/?page_id=126","title":{"rendered":"Escritura\u00e7\u00e3o fiscal digital (EFD)"},"content":{"rendered":"<p><span style=\"color: #333333;\">Verifica\u00e7\u00e3o e auditoria de documentos fiscais eletr\u00f4nicos (xml)<\/span><br \/>\n<span style=\"color: #333333;\">Consist\u00eancia e transmiss\u00e3o dos arquivos da CAT 52;<\/span><br \/>\n<span style=\"color: #333333;\">Importa\u00e7\u00e3o ou digita\u00e7\u00e3o dos documentos fiscais;<\/span><br \/>\n<span style=\"color: #333333;\">Rotina de classifica\u00e7\u00e3o e apropria\u00e7\u00e3o dos impostos;<\/span><br \/>\n<span style=\"color: #333333;\">Apura\u00e7\u00e3o de ISS, ICMS, IPI, PIS, COFINS;<\/span><br \/>\n<span style=\"color: #333333;\">Gera\u00e7\u00e3o da EFD Contribui\u00e7\u00f5es;<\/span><br \/>\n<span style=\"color: #333333;\">Gera\u00e7\u00e3o da EFD-ICMS e SINTEGRA.<\/span><\/p>\n","protected":false},"excerpt":{"rendered":"<p>Verifica\u00e7\u00e3o e auditoria de documentos fiscais eletr\u00f4nicos (xml) Consist\u00eancia e transmiss\u00e3o dos arquivos da CAT 52; Importa\u00e7\u00e3o ou digita\u00e7\u00e3o dos documentos fiscais; Rotina de classifica\u00e7\u00e3o e apropria\u00e7\u00e3o dos impostos; Apura\u00e7\u00e3o de ISS, ICMS, IPI, PIS, COFINS; Gera\u00e7\u00e3o da EFD Contribui\u00e7\u00f5es; Gera\u00e7\u00e3o da EFD-ICMS e SINTEGRA.<\/p>\n","protected":false},"author":1,"featured_media":0,"parent":0,"menu_order":0,"comment_status":"closed","ping_status":"closed","template":"","meta":{"footnotes":""},"class_list":["post-126","page","type-page","status-publish","hentry"],"_links":{"self":[{"href":"https:\/\/conttatcontabilidade.com.br\/index.php?rest_route=\/wp\/v2\/pages\/126","targetHints":{"allow":["GET"]}}],"collection":[{"href":"https:\/\/conttatcontabilidade.com.br\/index.php?rest_route=\/wp\/v2\/pages"}],"about":[{"href":"https:\/\/conttatcontabilidade.com.br\/index.php?rest_route=\/wp\/v2\/types\/page"}],"author":[{"embeddable":true,"href":"https:\/\/conttatcontabilidade.com.br\/index.php?rest_route=\/wp\/v2\/users\/1"}],"replies":[{"embeddable":true,"href":"https:\/\/conttatcontabilidade.com.br\/index.php?rest_route=%2Fwp%2Fv2%2Fcomments&post=126"}],"version-history":[{"count":2,"href":"https:\/\/conttatcontabilidade.com.br\/index.php?rest_route=\/wp\/v2\/pages\/126\/revisions"}],"predecessor-version":[{"id":142,"href":"https:\/\/conttatcontabilidade.com.br\/index.php?rest_route=\/wp\/v2\/pages\/126\/revisions\/142"}],"wp:attachment":[{"href":"https:\/\/conttatcontabilidade.com.br\/index.php?rest_route=%2Fwp%2Fv2%2Fmedia&parent=126"}],"curies":[{"name":"wp","href":"https:\/\/api.w.org\/{rel}","templated":true}]}}